(4) a multiple of 11?
False
Suppose -2*q + d + 36 = 8, 24 = q - 3*d. Is 2 a factor of q?
True
Suppose 12 = 5*v + 2*x, -v + 6 = 4*v - 4*x. Suppose 2*u + 50 = v*p, p - 40 = 5*u - 3. Does 7 divide p?
False
Suppose 0 = 3*g + 4*z + 7 + 5, 2*g + 4*z + 12 = 0. Suppose 2*c - 68 - 7 = -5*s, g = -4*s + 12. Does 16 divide c?
False
Suppose 3*o + 25 = -23. Let f = 17 + 0. Let w = f - o. Is 14 a factor of w?
False
Let v(r) = 3*r + 3. Let p be v(3). Suppose -3*f + 6*f = p. Suppose x + 205 = f*j, 2*x - 153 - 100 = -5*j. Is 13 a factor of j?
False
Let s(p) = -2*p**2 - 12*p - 5. Let z be s(-9). Let g = -34 - z. Is 10 a factor of g?
False
Suppose 5*u = -4*b + 120, -u + 3*u = b + 61. Does 14 divide u?
True
Let l be (1 - -5)/((-1)/(-82)). Suppose -l = -5*q + 4*b + 55, -3*q - 4*b = -341. Is q a multiple of 37?
True
Is (8 - 2) + (0 - -3) a multiple of 3?
True
Suppose -2*l - 5*u - 34 = 0, 4*l + 33 = -3*u - 7. Let h be 1188/42 + 2/l. Suppose 0 = -5*s + 3*s + h. Does 13 divide s?
False
Let n be (-8)/20*(0 - 5). Suppose -6 = -n*f + 16. Is 4 a factor of f?
False
Let z = 6 + 0. Let g(x) = -9*x - 8. Let p(i) = -17*i - 16. Let u(h) = 11*g(h) - 6*p(h). Is 15 a factor of u(z)?
False
Let i(u) be the second derivative of u**5/20 + 5*u**4/12 + u**2/2 + u. Let n be i(-4). Let y = 3 + n. Does 10 divide y?
True
Let f be 2/3 + (-40)/6. Let z(q) be the second derivative of -q**5/20 - q**4/2 - q**3/3 + 3*q**2/2 + q. Is 8 a factor of z(f)?
False
Let r(d) be the second derivative of d**5/60 - d**4/24 + 4*d**3/3 - d**2 - 2*d. Let k(q) be the first derivative of r(q). Is k(0) a multiple of 4?
True
Is (-4)/(-30) + 9258/90 a multiple of 19?
False
Let r(m) = -m**3 - 7*m**2 - 3*m - 4. Let o be r(-8). Suppose 0 = -0*t - 2*t + o. Is t a multiple of 21?
True
Let g = 52 - -40. Is g a multiple of 20?
False
Let c = 160 - -8. Is 27 a factor of c?
False
Does 11 divide (-4)/(-14) + 7/(196/3688)?
True
Suppose -2*g + 1 = -g. Is g/(4/128 + 0) a multiple of 10?
False
Suppose -9*c + 942 = -930. Is 17 a factor of c?
False
Suppose 26 = i + 2*r, 4*r - 7*r + 6 = 0. Is 11 a factor of i?
True
Does 13 divide 639/12 - (-12)/16?
False
Let b be ((-3)/(-4))/(-3)*-20. Suppose 0 = -n - b*f - 31, n - 6*f + f = 19. Is (-2)/n + (-140)/(-12) a multiple of 12?
True
Let m(v) = v**3 + v**2 + v + 17. Let h(k) = k - 1. Let x be h(0). Let j be (-1 - x)/(2/(-1)). Does 17 divide m(j)?
True
Let a be ((-6)/(-5))/((-15)/350). Let o = a - -58. Is 10 a factor of o?
True
Let s(m) = -14*m**3 + 9*m**2 - 9*m - 8. Let z(p) = -5*p**3 + 3*p**2 - 3*p - 3. Let r(j) = -3*s(j) + 8*z(j). Suppose a + 1 - 3 = 0. Is 5 a factor of r(a)?
True
Suppose -4*u + 4*f = -0*f + 12, -4*u - 16 = -5*f. Let g(d) = 13*d**2 - 1. Is g(u) a multiple of 6?
True
Let i(x) = 124*x**3 - 2*x**2 + x. Does 33 divide i(1)?
False
Suppose k - 1 - 6 = 0. Does 4 divide k?
False
Suppose v = 2*y - y + 21, -y + 79 = 3*v. Is 6 a factor of v?
False
Suppose 0 = -3*g - 1 + 7. Let w(m) = m**2 + 3*m - 3. Let i be w(g). Let j(v) = 3*v + 9. Does 8 divide j(i)?
False
Let v(r) = -r**2 + 6*r + 2. Let z(n) = n**2 - 6*n - 1. Let f(i) = -3*v(i) - 4*z(i). Let b be f(6). Is 13 a factor of 75/2 - b/(-4)?
False
Let m(g) = g**2 + 4*g - 12. Let j(l) = -l**2 + 10*l + 14. Let x be j(12). Does 24 divide m(x)?
True
Suppose 0 = -9*r + 6*r + 24. Is r a multiple of 7?
False
Let y = -43 + 73. Does 9 divide y?
False
Let a = 113 - 68. Let n be (-2 + -85)*1/3. Let m = a + n. Is m a multiple of 8?
True
Suppose 44 = 6*w - 4*w. Suppose -w = -3*x - 7. Is x a multiple of 3?
False
Let i = 0 + 9. Is i even?
False
Suppose o - 2*c = 4*o - 15, -5*o = 2*c - 25. Is o even?
False
Suppose 0 = 2*v - 5*c + 31, -v + c - 14 = -3*c. Let l = v - -40. Suppose 5*s + 4*n - 79 = 0, -l = -s - n - 7. Is 13 a factor of s?
False
Suppose 1 + 1 = c. Suppose c*j = 3*j - 2. Suppose -26 = -j*o + 26. Is o a multiple of 13?
True
Does 5 divide (-4)/(-1) - (-14 - 13)?
False
Let h be (8 - 3) + (-1 - 0). Suppose h*g + 0*g - 80 = 0. Is g a multiple of 5?
True
Suppose 0 = 8*t - 3*t - 35. Let x(n) = n**3 - 6*n**2 + 4*n + 1. Let v be x(5). Let q = v + t. Does 2 divide q?
False
Let h = 44 + -2. Suppose 3*o - 3*z - h = 0, -5*o + 3 = 3*z - 43. Does 3 divide o?
False
Let p(l) = l**3 + l**2 + 2*l. Let d be p(3). Is 11 a factor of -3*7/(d/(-88))?
True
Suppose 5 = -i - 10. Suppose -6*u = -3*u + 99. Let m = i - u. Is 7 a factor of m?
False
Let w(n) = -8*n + 4. Let k be w(-3). Let h = 15 - k. Let a = -1 - h. Is a a multiple of 12?
True
Let j be -18*3/(-6) + 1. Suppose -2*n - 3*n - j = 0. Is 5 a factor of (3 + n)*(4 - -1)?
True
Let l(g) = -g**2 - 3*g - 27. Let u(j) = j**2 + 4*j + 28. Let b(o) = -4*l(o) - 3*u(o). Let s = -14 - -14. Does 12 divide b(s)?
True
Let g(s) = s**3 + 4*s**2 + s + 2. Let x be g(-4). Let w(k) = 2*k**2 + 4*k + 2. Let a be w(x). Suppose -4*j + c = -130, 4*c = -j + 26 - a. Is 16 a factor of j?
True
Suppose t + 2 + 1 = 0. Let r be 3/t - (10 + -1). Let u = -6 - r. Does 3 divide u?
False
Does 19 divide 18/7*(42 + -7)?
False
Let d = 23 + -3. Suppose -2*t + 3*t = 2. Suppose t*h + 0 = d. Is h a multiple of 10?
True
Let k = 4 - 9. Is 5 a factor of (k + -1)*30/(-18)?
True
Let c be (-2022)/(-36) - 2/12. Suppose -12*k = -11*k - c. Does 14 divide k?
True
Let g = -90 + 132. Suppose 208 = 3*c + 5*j, c - 2*j - 9 = g. Let y = 104 - c. Is 17 a factor of y?
False
Does 21 divide (51 - -2) + 1 + 4?
False
Let q = 936 - 588. Is q a multiple of 12?
True
Let s be (-1)/(-5) - 38/(-10). Let y be (-8)/2 + (4 - s). Is ((-13)/2)/(2/y) a multiple of 13?
True
Suppose 0*z - 8 = -4*z. Let q = z - -2. Does 2 divide q?
True
Let n(a) = -a - 2. Let x be n(-2). Suppose -6*p = -8*p + 4. Suppose x = 4*l + 4, -4*c + 4*l + 22 = p*l. Is c even?
False
Suppose 0 = -9*o - 9*o + 4320. Is o a multiple of 10?
True
Suppose -m = m + 10. Let i(a) = -2*a - 6. Let j be i(m). Let d(k) = 2*k**2 - k - 3. Is d(j) a multiple of 10?
False
Let o(w) be the third derivative of -w**4/24 - w**3/6 + w**2. Let s be o(-2). Suppose -10 = -m + s. Is 4 a factor of m?
False
Suppose -3*p - p = -140. Let g = p + -17. Is 8 a factor of g?
False
Let u(l) = l**2 - 9*l + 11. Let v be u(8). Suppose 2*p = -v*p + 280. Is p a multiple of 14?
True
Let u(h) = -h**2 + 7*h + 1. Is u(6) a multiple of 2?
False
Let x(t) = -t - 4. Let j be x(-6). Suppose 0 = j*r - 0*r - 114. Let v = r - 10. Is 17 a factor of v?
False
Suppose 2*t - t = -72. Let f = -44 - t. Is f a multiple of 14?
True
Let z = 91 + -56. Is 5 a factor of z?
True
Suppose 3*h + 34 = -194. Let c = 1 + -33. Let p = c - h. Is p a multiple of 13?
False
Let j(u) = u**3 + 7*u**2 - 5. Let w be j(-7). Let h(v) = -357*v + 42. Let y(l) = -42*l + 5. Let p(g) = w*h(g) + 42*y(g). Is p(2) a multiple of 18?
False
Let i(f) = f**3 + 7*f**2 + 6*f - 8. Is 8 a factor of i(-5)?
False
Suppose 5*j = 127 + 178. Does 3 divide j?
False
Let l(c) = -c**2 - 18*c - 4. Let a be l(-7). Suppose -5*d = -4*d - a. Does 31 divide d?
False
Suppose -a + 36 = -3*k, 2*a + 0*k = 4*k + 70. Is a a multiple of 9?
False
Let h(s) = -s**3 + 8*s**2 - 4*s - 9. Let t be (-1)/((-1)/7*1). Is h(t) a multiple of 5?
False
Let k be (-69)/(-21) + 6/(-21). Let d(p) = -k + p + p - 7*p. Does 12 divide d(-3)?
True
Does 10 divide 36/24*(-146)/(-3)?
False
Suppose 3*j + 5*u - 40 - 21 = 0, -4*j + 5*u + 128 = 0. Suppose 22*t - j*t + 65 = 0. Is t a multiple of 7?
False
Let s = -14 - -14. Suppose z + 2*l - 36 = s, -2*l = -z - 2 + 26. Is 10 a factor of z?
True
Is 45 a factor of 370 + 10 - 1*-4?
False
Let a(l) = -l**3 - 5*l**2 + 6*l + 5. Let g be a(-6). Suppose q - 4 = -p + 5, g*q = -2*p + 24. Is p a multiple of 7?
True
Suppose 3 = j - 0*j. Suppose 0 = 3*c - 9 + j. Suppose -3*l - c*l = -115. Is 23 a factor of l?
True
Let u(k) = 79*k**2 + 4*k + 2. Suppose 0 = 7*s - 3*s + 8. Let v be u(s). Is 15 a factor of v/20 - 2/4?
True
Let s = 2 + 5. Does 12 divide (-568)/(-28) + (-2)/s?
False
Let y = -9 + 5. Let c be ((-20)/(-8))/((-2)/y). Suppose -21 - c = -v. Is 13 a factor of v?
True
Let u(x) = 4*x**3 - 2*x**2 - 2*x + 2. Suppose -p + 4 = v - 1, 2*v - 2*p + 2 = 0. Does 22 divide u(v)?
True
Suppose -5*u + 3*p = 5*p - 248, -2*u - 3*p + 108 = 0. Does 18 divide u?
False
Suppose 2*c + 7 + 5 = 0. Let n = 15 + c. Is n a multiple of 9?
True
Let p be 10/6 + (-2)/(-6). Let f(t) = -3*t**3 - p*t - 3 + 1 + 4*t**3 + 10*t**2. Is 8 a factor of f(-10)?
False
Suppose